ors of t?
3
Suppose 0 = 5*w, -3*i = -6*i - 3*w + 48. List the prime factors of i.
2
Let y(z) = -4*z - 48. What are the prime factors of y(-23)?
2, 11
Let f(r) = 6*r + 1 - 8*r - 14*r. Let l be f(1). Let d = l + 21. List the prime factors of d.
2, 3
Let y be (3/(-2))/((-9)/24). Suppose -y*l - 1 - 3 = 0. Let a = l + 7. What are the prime factors of a?
2, 3
Let x = 0 - -8. List the prime factors of x.
2
Let v = 83 + -58. What are the prime factors of v?
5
Suppose 5*k - 7 = 23. Suppose 2*i - k = -0*i. What are the prime factors of i?
3
Let g(m) be the first derivative of -m**3/3 - 3*m**2 + 6*m + 4. What are the prime factors of g(-5)?
11
Let n be 0*((-3)/(-6) - 0). Let g = 11 + n. List the prime factors of g.
11
Let l be (1 - 2)*(2 + 0). What are the prime factors of l*((-21)/6 - -2)?
3
What are the prime factors of (-2)/(-6) - 1096/(-24)?
2, 23
Suppose k = 3*d + 157, -k + 126 + 31 = -d. List the prime factors of k.
157
Suppose -1800 = -12*g - 120. List the prime factors of g.
2, 5, 7
Let m(d) = d**3 - 6*d**2 - 5*d - 10. Let o be m(7). Suppose 42 = -3*p + j - o*j, -35 = 4*p - 3*j. Let y = -6 - p. List the prime factors of y.
5
Let p be ((-9)/(-6))/(6/8). Suppose 0*i = -2*i + 10. Suppose p*y - 2*o - 12 = 0, -22 = -i*y - 5*o + 18. List the prime factors of y.
7
List the prime factors of (-12)/90 - (-2342)/15.
2, 3, 13
Let j(c) = -c**2 + 7*c + 3. Let u be j(7). Suppose 5*w - u*s = 16, 0*s = -w - s. Let h = 5 - w. List the prime factors of h.
3
Let y = 106 - 28. List the prime factors of y.
2, 3, 13
Let g(z) = -z**3 - 12*z**2 - 17*z - 10. What are the prime factors of g(-11)?
2, 7
Let r = -4 + 16. Let u(f) = r + f**2 - 1 + 0*f - f. What are the prime factors of u(0)?
11
Let r = -230 + 399. List the prime factors of r.
13
Let i = -1 - -2. Let u be -3 - (-1 - (-2)/i). What are the prime factors of u/(-2)*13/2?
13
Suppose -2*q + 28 = -168. List the prime factors of q.
2, 7
Suppose -4*b + 5 = -2*z + 3*z, z = -2*b + 5. Let t = -4 - -7. Suppose -z*s + 2*p = -44, t*s + 14 = 5*s - 2*p. List the prime factors of s.
2, 5
Let y be ((45 + 3)/(-4))/1. List the prime factors of 3*(-4)/y + 17.
2, 3
Let r = 327 + -146. What are the prime factors of r?
181
Let c = 104 - 62. List the prime factors of c.
2, 3, 7
Let a = -156 + 202. What are the prime factors of a?
2, 23
Let d = 144 - 68. What are the prime factors of d?
2, 19
What are the prime factors of 504/27 + 4/(-6)?
2, 3
Suppose a = 9 + 9. Let s = a + -11. What are the prime factors of s?
7
Let j(x) = 2*x**3 - 2*x**2 + 1. Suppose 0 = 2*d + 2, 3*h - 3*d - 13 = -2*h. List the prime factors of j(h).
3
Suppose -4*l + 0*w + 3*w = -436, -2*w - 216 = -2*l. List the prime factors of l.
2, 7
Let r(u) = 11*u. Let y(p) = 10*p. Let a(q) = -5*r(q) + 6*y(q). Let f(z) = -z - 1. Let t be f(-2). What are the prime factors of a(t)?
5
Let y(c) = -c + 1. Let z be y(4). List the prime factors of 2 - (z + 0/(-3)).
5
Suppose 6*u + 30 = 3*u. Let i = 13 + u. What are the prime factors of i?
3
Suppose -6*v - 16 = -7*v. List the prime factors of v.
2
Let q(u) = 4*u**3 - 2*u + 1. Suppose 0 = -5*h - 0*h + 5. Let a be q(h). Suppose 13 + 2 = a*x. What are the prime factors of x?
5
Let g(v) = -2*v + 6. Let d be g(-4). What are the prime factors of (-4)/d + 324/7?
2, 23
Let b = 41 - 25. List the prime factors of b.
2
Suppose 6 = -2*p, 0*y = -2*y - 4*p + 54. Suppose -y = 5*l + 4*t, 3*l + 0 + 7 = 4*t. Let g = l + 16. List the prime factors of g.
11
Let m = -2 + 0. What are the prime factors of (m/4)/((-2)/20)?
5
Let f be (-2)/8 - (-18)/8. Let q = -9 - -13. Suppose -y - 32 = -q*a + f*y, -34 = -2*a - 3*y. List the prime factors of a.
11
Suppose 0*n + 2*n - 60 = 0. What are the prime factors of n?
2, 3, 5
List the prime factors of (-3)/7 + 1881/77.
2, 3
Let h(k) be the second derivative of 0 + 3/2*k**2 - k**3 - 1/12*k**4 - 2*k. List the prime factors of h(-6).
3
Let h = -77 - -164. What are the prime factors of h?
3, 29
Suppose 0*b = 4*h + b + 11, -b = 2*h + 3. Let x = h + 12. List the prime factors of x.
2
Let v(s) = -s**3 - 8*s**2 - 11*s + 6. List the prime factors of v(-8).
2, 47
Let d be (-2)/((-60)/(-33) - 2). Suppose -4*g + d = -5, 5 = -p + 3*g. What are the prime factors of p?
7
Suppose 6 = 2*o - 3*s, -2*o - s = -6 - 0. Suppose 10 = 2*y + o*y. List the prime factors of (-1 - -11) + y/1.
2, 3
What are the prime factors of (-2)/(-6) + (-101)/(-3)?
2, 17
Suppose 0 = 3*g - 4 - 20. Suppose g*y - 80 = 3*y - 5*p, -32 = -2*y + p. List the prime factors of y.
2
Suppose -2*d = 2*d - 16. Suppose 0 = g, i - d*g - 8 = 3. What are the prime factors of i?
11
Let u be 1/3 + (-49)/3. Suppose 0 = -3*m + 5*m + 2*z - 44, -4*z + 34 = 2*m. Let j = m + u. List the prime factors of j.
11
Let k = -519 + 759. What are the prime factors of k?
2, 3, 5
Suppose 2*l + 4 = 0, -3*r + 3*l + 665 = -217. List the prime factors of r.
2, 73
Suppose 3*c = 7*c. Suppose 2*d = -c*d + 12. What are the prime factors of d?
2, 3
Suppose 2*d + 13 = 85. List the prime factors of d.
2, 3
Suppose 3*q = 34 + 101. What are the prime factors of q?
3, 5
Let y(p) = p**2 + 2*p - 8. What are the prime factors of y(5)?
3
Suppose 0 = -3*y + 4 + 11. Suppose 0 = -y*l - 4*j + 30, -2*l = -2*j + 5*j - 19. List the prime factors of (-2)/(-1) - (-6)/l.
5
Let a(o) = o**3 + 7*o**2 - 10*o - 20. List the prime factors of a(-7).
2, 5
Let k(z) = -1 - 6 - z**2 + 2 - 9*z. Let q be k(-8). Suppose -d + 2 = i, 5*d - 2 = -i + q*d. List the prime factors of i.
2
Suppose 3*l - 8 = 2*z - 2, -5*l + 20 = 0. Let g = 72 + -43. Suppose 2*b = 5*v - 11, 0*b - g = -2*b - z*v. List the prime factors of b.
7
Suppose -t = 2, 3*t + 4 = 2*w + 6*t. Let q(a) = 2*a**2 - 8*a + 5. What are the prime factors of q(w)?
3, 5
Let z(l) = 6*l - 4*l + 5*l + 0*l. Let w be z(2). Suppose -2*k = -w + 4. What are the prime factors of k?
5
Let x be 6/(-9)*1*-42. Let w = x - 15. List the prime factors of w.
13
What are the prime factors of 9 + (2 - (9 - 4))?
2, 3
Suppose 4*i = 144 - 0. Suppose -3*a + i = -0*a. List the prime factors of a.
2, 3
Suppose -d - d - 2 = 0, 192 = f + 5*d. List the prime factors of f.
197
Let j be 1*(-4)/5*5. What are the prime factors of (-550)/(-35) - j/14?
2
Let g(n) = -n**2 + 9*n - 3. Let z be g(8). Let b be (2/z)/((-1)/(-5)). Suppose -b*r + 3 + 19 = 0. What are the prime factors of r?
11
Let m(v) = -18*v**3 + v**2 - 1. Let r be m(-1). Suppose y - 6 = -r. List the prime factors of (-4)/y + (-100)/(-6).
17
List the prime factors of ((-12)/(-24))/(1/84).
2, 3, 7
What are the prime factors of (8/(-12))/((-3)/81)?
2, 3
Suppose 4*y = 3*g + 160, 0 = -2*g - 0*g + 8. Suppose 3*o - 115 = -3*s - s, 0 = o - s - y. List the prime factors of o.
41
Let k(s) = s - 1. Let b = -5 + 8. Let c be k(b). What are the prime factors of (-21)/c*(-6)/9?
7
Let v be (-12)/(-21)*(-7)/(-2). Let a = v + -6. List the prime factors of 0 + 5 + (-12)/a.
2
Suppose 8 = a - 11. What are the prime factors of a?
19
Let g = -390 - -596. What are the prime factors of g?
2, 103
Let k(a) = a**2 + a. Let n be k(-4). Let m = -7 + n. What are the prime factors of m?
5
Let a = 31 + -19. Let t = 17 - a. Suppose b + 2*x - t = 0, -3*b - x + 14 = -16. List the prime factors of b.
11
Suppose -5*l + 135 = -885. What are the prime factors of l?
2, 3, 17
Let x = -89 - -126. List the prime factors of x.
37
Let y(a) = 2*a**3 - 29*a**2 + 16*a + 10. What are the prime factors of y(14)?
2, 19
Suppose 5*h = 4*h - 4*o - 30, 0 = -h - 3*o - 29. Let p = 42 + h. List the prime factors of p.
2
Let j(z) = -7*z + 49. What are the prime factors of j(-17)?
2, 3, 7
Let k(b) = -b**3 + b**2 + 6. Let v be k(0). Let j(y) = -y**3 + 6*y**2 + 3*y + 4. List the prime factors of j(v).
2, 11
Suppose 4*c + 35 = -29. Let n = 12 - c. List the prime factors of n.
2, 7
Let p be (4 + -1)/(4 - 3). Let b(g) = 4*g + 2. What are the prime factors of b(p)?
2, 7
Suppose 4*l + 41 = d, 5*l - 4*l - 164 = -4*d. List the prime factors of d.
41
Suppose 14 = v - 20. List the prime factors of v.
2, 17
Let n be -2 - -3 - (-6)/(-2). Suppose 2*o + 0*o = -u + 13, -3*u = 3*o - 24. Let p = n + o. List the prime factors of p.
3
Let n(h) = 2*h**3 + 14*h**2 - 2*h + 7. Let q(j) = -3*j**3 - 15*j**2 + 2*j - 6. Let u(b) = -4*n(b) - 3*q(b). List the prime factors of u(11).
2, 3
Let r(u) = u**3 - u**2 + u + 11. Let b be r(0). Let v = b - 